hat is the greatest common divisor of 93 and 2139?
93
What is the highest common factor of 1 and 181?
1
What is the highest common divisor of 2080 and 120?
40
What is the highest common divisor of 178 and 623?
89
Calculate the highest common factor of 6084 and 39.
39
What is the highest common factor of 75 and 30?
15
What is the greatest common factor of 20 and 3340?
20
Calculate the highest common divisor of 352 and 33.
11
What is the highest common factor of 40463 and 43?
43
What is the greatest common factor of 119 and 17?
17
Calculate the greatest common divisor of 11 and 1397.
11
Calculate the greatest common divisor of 559 and 13.
13
Calculate the highest common factor of 483 and 18.
3
Calculate the greatest common factor of 140 and 448.
28
Calculate the greatest common divisor of 91 and 14.
7
Calculate the highest common factor of 100 and 52.
4
What is the greatest common divisor of 1316 and 126?
14
Calculate the greatest common factor of 42 and 120.
6
Calculate the greatest common factor of 1053 and 891.
81
What is the highest common divisor of 4 and 98?
2
Calculate the greatest common factor of 425 and 170.
85
What is the highest common factor of 110 and 297?
11
Calculate the highest common factor of 2 and 2710.
2
Calculate the greatest common factor of 30 and 1670.
10
Calculate the greatest common divisor of 11 and 451.
11
Calculate the highest common divisor of 14 and 35.
7
Calculate the greatest common divisor of 90 and 315.
45
What is the greatest common divisor of 376 and 8?
8
Calculate the highest common divisor of 28 and 126.
14
Calculate the highest common divisor of 12 and 996.
12
Calculate the greatest common divisor of 3969 and 196.
49
Calculate the greatest common factor of 413 and 28.
7
What is the highest common factor of 1286 and 2?
2
Calculate the highest common factor of 316 and 1343.
79
Calculate the greatest common divisor of 10 and 10.
10
Calculate the highest common factor of 2196 and 24.
12
What is the highest common factor of 30 and 15360?
30
What is the greatest common divisor of 351 and 1209?
39
Calculate the highest common factor of 90 and 120.
30
Calculate the highest common divisor of 328 and 8.
8
Calculate the greatest common factor of 3728 and 112.
16
What is the highest common factor of 8857 and 17?
17
What is the greatest common factor of 80 and 1000?
40
What is the highest common factor of 192 and 96?
96
What is the greatest common factor of 48 and 114?
6
Calculate the greatest common divisor of 3242 and 2.
2
Calculate the highest common factor of 130 and 1105.
65
Calculate the highest common factor of 18 and 144.
18
What is the highest common divisor of 3 and 7?
1
Calculate the greatest common divisor of 9567 and 27.
9
What is the greatest common factor of 418 and 608?
38
Calculate the greatest common divisor of 88 and 528.
88
What is the greatest common divisor of 270 and 3762?
18
What is the greatest common divisor of 96 and 120?
24
What is the highest common divisor of 4 and 46?
2
Calculate the highest common divisor of 405 and 6156.
81
Calculate the highest common divisor of 324 and 132.
12
Calculate the highest common factor of 9 and 59.
1
Calculate the highest common divisor of 168 and 126.
42
What is the highest common divisor of 17 and 47549?
17
Calculate the greatest common factor of 11 and 17413.
11
What is the greatest common factor of 416 and 442?
26
What is the highest common factor of 671 and 539?
11
Calculate the greatest common factor of 1480 and 40.
40
What is the highest common divisor of 85 and 85?
85
Calculate the highest common factor of 4704 and 4.
4
Calculate the highest common factor of 19 and 1387.
19
What is the highest common factor of 60 and 2220?
60
Calculate the greatest common divisor of 26 and 611.
13
What is the highest common divisor of 22 and 44?
22
Calculate the greatest common divisor of 2132 and 26.
26
What is the highest common factor of 432 and 27?
27
Calculate the greatest common divisor of 95 and 5.
5
Calculate the highest common factor of 635 and 5.
5
Calculate the highest common factor of 209 and 3971.
209
Calculate the greatest common factor of 35 and 165.
5
Calculate the greatest common factor of 10 and 170.
10
Calculate the highest common factor of 13 and 4771.
13
Calculate the highest common divisor of 14 and 119.
7
What is the greatest common divisor of 17 and 22?
1
Calculate the highest common factor of 16 and 6896.
16
Calculate the highest common divisor of 119 and 10591.
119
What is the greatest common divisor of 832 and 26?
26
What is the greatest common divisor of 3760 and 80?
80
What is the greatest common factor of 84 and 9436?
28
What is the greatest common divisor of 140 and 1295?
35
Calculate the greatest common divisor of 1 and 49.
1
What is the highest common factor of 675 and 108?
27
Calculate the greatest common divisor of 90 and 198.
18
What is the highest common divisor of 2366 and 26?
26
Calculate the highest common divisor of 52 and 1313.
13
Calculate the greatest common factor of 72 and 336.
24
What is the highest common factor of 3 and 57?
3
What is the greatest common factor of 66 and 12?
6
Calculate the greatest common factor of 8 and 4.
4
What is the highest common factor of 40 and 44060?
20
Calculate the greatest common divisor of 1236 and 12.
12
What is the greatest common divisor of 69 and 253?
23
What is the highest common factor of 100 and 25?
25
Calculate the highest common divisor of 58 and 986.
58
Calculate the highest common factor of 9 and 1773.
9
What is the greatest common factor of 7480 and 132?
44
Calculate the greatest common divisor of 224 and 376.
8
Calculate the greatest common divisor of 4154 and 268.
134
Calculate the highest common divisor of 248 and 620.
124
Calculate the highest common divisor of 1415 and 1981.
283
What is the highest common divisor of 40 and 435?
5
What is the greatest common divisor of 8 and 4?
4
Calculate the greatest common factor of 560 and 400.
80
What is the greatest common divisor of 56 and 2170?
14
What is the highest common divisor of 22 and 176?
22
What is the greatest common factor of 48 and 6?
6
What is the highest common divisor of 11 and 29?
1
What is the highest common factor of 22 and 8?
2
What is the highest common factor of 15 and 39315?
15
Calculate the greatest common divisor of 1665 and 855.
45
What is the highest common factor of 48 and 1328?
16
What is the highest common factor of 1280 and 10?
10
Calculate the greatest common factor of 4545 and 45.
45
Calculate the highest common factor of 415 and 170.
5
Calculate the greatest common divisor of 565 and 1243.
113
Calculate the greatest common factor of 22 and 2684.
22
What is the greatest common factor of 54 and 3726?
54
Calculate the highest common factor of 1176 and 5733.
147
What is the greatest common divisor of 1825 and 25?
25
What is the highest common factor of 15 and 30?
15
What is the highest common factor of 3675 and 375?
75
Calculate the highest common divisor of 64 and 40.
8
What is the highest common divisor of 456 and 3078?
114
Calculate the greatest common divisor of 150 and 7.
1
What is the highest common factor of 7742 and 49?
49
What is the greatest common divisor of 63 and 7?
7
Calculate the greatest common factor of 1608 and 552.
24
What is the greatest common divisor of 19 and 1729?
19
Calculate the greatest common divisor of 22 and 16.
2
Calculate the highest common factor of 267 and 11392.
89
What is the highest common factor of 13 and 533?
13
Calculate the highest common factor of 100 and 4260.
20
Calculate the highest common divisor of 1501 and 817.
19
Calculate the greatest common factor of 440 and 5368.
88
What is the greatest common factor of 13156 and 88?
44
What is the highest common divisor of 1850 and 30?
10
What is the greatest common factor of 9834 and 30?
6
Calculate the greatest common factor of 12 and 150.
6
Calculate the greatest common divisor of 15 and 30.
15
Calculate the greatest common factor of 4878 and 10.
2
What is the greatest common divisor of 14981 and 142?
71
What is the highest common factor of 114 and 1653?
57
What is the highest common factor of 798 and 1026?
114
What is the highest common divisor of 116 and 2204?
116
What is the greatest common factor of 10 and